{"id":106,"date":"2024-10-14T10:50:14","date_gmt":"2024-10-14T08:50:14","guid":{"rendered":"https:\/\/pazinclusionigualdad.com\/?page_id=106"},"modified":"2024-11-20T20:43:22","modified_gmt":"2024-11-20T19:43:22","slug":"colectivos-implicados-en-cultura-de-paz","status":"publish","type":"page","link":"https:\/\/pazinclusionigualdad.com\/index.php\/colectivos-implicados-en-cultura-de-paz\/","title":{"rendered":"Colectivos implicados en Cultura de Paz"},"content":{"rendered":"\n<div style=\"height:30px\" aria-hidden=\"true\" class=\"wp-block-spacer\"><\/div>\n\n\n\n<div class=\"wp-block-group has-global-padding is-layout-constrained wp-block-group-is-layout-constrained\">\n<div class=\"wp-block-columns are-vertically-aligned-center is-layout-flex wp-container-core-columns-is-layout-28f84493 wp-block-columns-is-layout-flex\">\n<div class=\"wp-block-column is-vertically-aligned-center is-layout-flow wp-block-column-is-layout-flow\" style=\"flex-basis:66.66%\">\n<div class=\"wp-block-group has-background is-vertical is-content-justification-stretch is-layout-flex wp-container-core-group-is-layout-5621715d wp-block-group-is-layout-flex\" style=\"border-radius:30px;background-color:#8dd2fc47;min-height:338px\">\n<p>&#8211; Participaci\u00f3n activa del colectivo infantil, en sus etapas de Educaci\u00f3n Infantil y Primaria.<\/p>\n\n\n\n<p>&#8211; Colaboraci\u00f3n activa del colectivo adolescente y joven, en las etapas de ESO, Bachillerato y Grados Formativos.<\/p>\n\n\n\n<p>&#8211; Implicaci\u00f3n de los equipos docentes y orientaci\u00f3n, comisiones de convivencia y equipos directivos.<\/p>\n\n\n\n<p>&#8211; Intercambio formativo y participativo de las familias del colectivo alumnado.<\/p>\n\n\n\n<p>&#8211; Refuerzo de los v\u00ednculos con la comunidad social: barrios, localidades, ayuntamientos\u2026<\/p>\n<\/div>\n<\/div>\n\n\n\n<div class=\"wp-block-column is-vertically-aligned-center is-layout-flow wp-block-column-is-layout-flow\" style=\"border-style:none;border-width:0px\">\n<figure class=\"wp-block-image size-full has-custom-border\"><img loading=\"lazy\" decoding=\"async\" width=\"1200\" height=\"1600\" src=\"https:\/\/pazinclusionigualdad.com\/wp-content\/uploads\/2024\/10\/8-FOTO.jpg\" alt=\"\" class=\"wp-image-124\" style=\"border-radius:30px;border-right-color:#1252a1;border-right-width:5px;border-bottom-color:#1252a1;border-bottom-width:10px\" srcset=\"https:\/\/pazinclusionigualdad.com\/wp-content\/uploads\/2024\/10\/8-FOTO.jpg 1200w, https:\/\/pazinclusionigualdad.com\/wp-content\/uploads\/2024\/10\/8-FOTO-225x300.jpg 225w, https:\/\/pazinclusionigualdad.com\/wp-content\/uploads\/2024\/10\/8-FOTO-768x1024.jpg 768w, https:\/\/pazinclusionigualdad.com\/wp-content\/uploads\/2024\/10\/8-FOTO-1152x1536.jpg 1152w\" sizes=\"auto, (max-width: 1200px) 100vw, 1200px\" \/><\/figure>\n<\/div>\n<\/div>\n\n\n\n<p><\/p>\n<\/div>\n","protected":false},"excerpt":{"rendered":"<p>&#8211; Participaci\u00f3n activa del colectivo infantil, en sus etapas de Educaci\u00f3n Infantil y Primaria. &#8211; Colaboraci\u00f3n activa del colectivo adolescente y joven, en las etapas de ESO, Bachillerato y Grados Formativos. &#8211; Implicaci\u00f3n de los equipos docentes y orientaci\u00f3n, comisiones de convivencia y equipos directivos. &#8211; Intercambio formativo y participativo de las familias del colectivo [&hellip;]<\/p>\n","protected":false},"author":1,"featured_media":0,"parent":0,"menu_order":0,"comment_status":"closed","ping_status":"closed","template":"","meta":{"footnotes":""},"class_list":["post-106","page","type-page","status-publish","hentry"],"_links":{"self":[{"href":"https:\/\/pazinclusionigualdad.com\/index.php\/wp-json\/wp\/v2\/pages\/106","targetHints":{"allow":["GET"]}}],"collection":[{"href":"https:\/\/pazinclusionigualdad.com\/index.php\/wp-json\/wp\/v2\/pages"}],"about":[{"href":"https:\/\/pazinclusionigualdad.com\/index.php\/wp-json\/wp\/v2\/types\/page"}],"author":[{"embeddable":true,"href":"https:\/\/pazinclusionigualdad.com\/index.php\/wp-json\/wp\/v2\/users\/1"}],"replies":[{"embeddable":true,"href":"https:\/\/pazinclusionigualdad.com\/index.php\/wp-json\/wp\/v2\/comments?post=106"}],"version-history":[{"count":9,"href":"https:\/\/pazinclusionigualdad.com\/index.php\/wp-json\/wp\/v2\/pages\/106\/revisions"}],"predecessor-version":[{"id":271,"href":"https:\/\/pazinclusionigualdad.com\/index.php\/wp-json\/wp\/v2\/pages\/106\/revisions\/271"}],"wp:attachment":[{"href":"https:\/\/pazinclusionigualdad.com\/index.php\/wp-json\/wp\/v2\/media?parent=106"}],"curies":[{"name":"wp","href":"https:\/\/api.w.org\/{rel}","templated":true}]}}